  {"id":14,"date":"2014-04-01T06:12:53","date_gmt":"2014-04-01T06:12:53","guid":{"rendered":"http:\/\/old.cni.md\/?page_id=14"},"modified":"2014-04-02T16:24:58","modified_gmt":"2014-04-02T16:24:58","slug":"conducerea-cni","status":"publish","type":"page","link":"https:\/\/old.cni.md\/?page_id=14","title":{"rendered":"Conducerea CNI"},"content":{"rendered":"<p><strong>Pre\u0219edinte \u2013 Anatolie Donciu<\/strong><br \/>\nTel: 022 820 601<br \/>\nE-mail: anatolie.donciu@cni.md<br \/>\nAudien\u021ba cet\u0103\u021benilor: prima \u0219i a treia zi de luni, de la 14.00 p\u00e2n\u0103 la 17.00 (birou 46)<\/p>\n<p><strong>Vicepre\u0219edinte &#8211; Victor Str\u0103til\u0103<\/strong><br \/>\nTel: 022 820 603<br \/>\nE-mail: victor.stratila@cni.md<br \/>\nAudien\u021ba cet\u0103\u021benilor: a doua \u0219i a patra zi de luni, de la 14.00 p\u00e2n\u0103 la 17.00 (birou 76)<\/p>\n<p><strong>Membru al Comisiei \u2013 Leonid Morari<\/strong><br \/>\nTel: 022 820 611<br \/>\nE-mail: leonid.morari@cni.md<br \/>\nAudien\u021ba cet\u0103\u021benilor: \u00een fiecare zi de mar\u021bi de la 09.00 p\u00e2n\u0103 la 12.00 \u00een fiecare zi de miercuri de la 14.00 p\u00e2n\u0103 la 17.00 (birou 74)<\/p>\n<p><strong>Membru al Comisiei \u2013 Vera Lupu<\/strong><br \/>\nTel: 022 820 605<br \/>\nE-mail: vera.lupu@cni.md<br \/>\nAudien\u021ba cet\u0103\u021benilor: \u00een fiecare zi de miercuri de la 09.00 p\u00e2n\u0103 la 12.00 \u00een fiecare zi de joi de la 14.00 p\u00e2n\u0103 la 17.00 (birou 76a)<\/p>\n<p><strong>Membru al Comisiei \u2013 Dumitru Prijmireanu<\/strong><br \/>\nTel: 022 820 604<br \/>\nE-mail: dumitru.prijmireanu@cni.md<br \/>\nAudien\u021ba cet\u0103\u021benilor: \u00een fiecare zi de luni de la 09.00 p\u00e2n\u0103 la 12.00 \u00een fiecare zi de mar\u021bi de la 14.00 p\u00e2n\u0103 la 17.00 (birou 75)<\/p>\n","protected":false},"excerpt":{"rendered":"<p>Pre\u0219edinte \u2013 Anatolie Donciu Tel: 022 820 601 E-mail: anatolie.donciu@cni.md Audien\u021ba cet\u0103\u021benilor: prima \u0219i a treia zi de luni, de la 14.00 p\u00e2n\u0103 la 17.00 (birou 46) Vicepre\u0219edinte &#8211; Victor [&hellip;]<\/p>\n","protected":false},"author":1,"featured_media":0,"parent":10,"menu_order":0,"comment_status":"open","ping_status":"open","template":"","meta":{"footnotes":"","_links_to":"","_links_to_target":""},"class_list":["post-14","page","type-page","status-publish","hentry"],"_links":{"self":[{"href":"https:\/\/old.cni.md\/index.php?rest_route=\/wp\/v2\/pages\/14","targetHints":{"allow":["GET"]}}],"collection":[{"href":"https:\/\/old.cni.md\/index.php?rest_route=\/wp\/v2\/pages"}],"about":[{"href":"https:\/\/old.cni.md\/index.php?rest_route=\/wp\/v2\/types\/page"}],"author":[{"embeddable":true,"href":"https:\/\/old.cni.md\/index.php?rest_route=\/wp\/v2\/users\/1"}],"replies":[{"embeddable":true,"href":"https:\/\/old.cni.md\/index.php?rest_route=%2Fwp%2Fv2%2Fcomments&post=14"}],"version-history":[{"count":5,"href":"https:\/\/old.cni.md\/index.php?rest_route=\/wp\/v2\/pages\/14\/revisions"}],"predecessor-version":[{"id":98,"href":"https:\/\/old.cni.md\/index.php?rest_route=\/wp\/v2\/pages\/14\/revisions\/98"}],"up":[{"embeddable":true,"href":"https:\/\/old.cni.md\/index.php?rest_route=\/wp\/v2\/pages\/10"}],"wp:attachment":[{"href":"https:\/\/old.cni.md\/index.php?rest_route=%2Fwp%2Fv2%2Fmedia&parent=14"}],"curies":[{"name":"wp","href":"https:\/\/api.w.org\/{rel}","templated":true}]}}