  {"id":226,"date":"2014-05-04T18:16:25","date_gmt":"2014-05-04T18:16:25","guid":{"rendered":"http:\/\/old.cni.md\/?page_id=226"},"modified":"2014-05-04T18:22:30","modified_gmt":"2014-05-04T18:22:30","slug":"petitie","status":"publish","type":"page","link":"https:\/\/old.cni.md\/?page_id=226","title":{"rendered":"Peti\u021bie"},"content":{"rendered":"<p><\/p>\n<p style=\"color: #5f5959;\">V\u0103 rug\u0103m s\u0103 lua\u0163i cuno\u015ftin\u0163\u0103 de informa\u0163ia privind procedura de primire \u015fi examinare a mesajelor electronice adresate Comisiei Na\u021bionale de Integritate.<\/p>\n<p style=\"color: #5f5959;\">Mesajele cet\u0103\u0163enilor, expediate \u00een format electronic se examineaz\u0103 \u00een conformitate cu dispozi\u0163iile Legii privind depunerea peti\u0163iei \u2116 190-XIII din data 19 iulie 1994, precum \u015fi alte acte legislative \u015fi normative.<\/p>\n<p style=\"color: #5f5959;\">La prezentarea \u015fi examinarea mesajelor electronice este garantat\u0103 confiden\u0163ialitatea datelor personale \u015fi a informa\u0163iei furnizate.<\/p>\n<p style=\"color: #5f5959;\">Mesajele \u00een format electronic, expediate \u00een adresa Comisiei Na\u021bionale de Integritate, ce nu con\u0163in informa\u0163ia obligatorie \u00een conformitate cu formularul de adresare, nu vor fi examinate.<\/p>\n<p style=\"color: #5f5959;\">Mesajele \u00een format electronic vor fi examinate \u00een cazul unei descrieri concrete a \u00eentreb\u0103rii sau a propunerii.<\/p>\n<p style=\"color: #5f5959;\">Textul de adresare trebuie s\u0103 fie elaborat \u00eentr-o form\u0103 laconic\u0103 \u0219i logic\u0103 (volumul textului nu trebuie s\u0103 dep\u0103\u015feasc\u0103 2000 de simboluri).<\/p>\n<p style=\"color: #5f5959;\">\u00cen urma examin\u0103rii mesajului Dvs. ve\u0163i primi r\u0103spuns \u00een format electronic pe adresa electronic\u0103 indicat\u0103 \u00een mesaj. Dac\u0103 nu dispune\u0163i de o adres\u0103 electronic\u0103, v\u0103 recomand\u0103m s\u0103 expedia\u0163i mesajul prin po\u015ft\u0103.<\/p>\n<p style=\"color: #5f5959; text-align: center;\">\n<p style=\"color: #5f5959; text-align: center;\">\n<div class=\"wpcf7 no-js\" id=\"wpcf7-f230-o1\" lang=\"ro-RO\" dir=\"ltr\" data-wpcf7-id=\"230\">\n<div class=\"screen-reader-response\"><p role=\"status\" aria-live=\"polite\" aria-atomic=\"true\"><\/p> <ul><\/ul><\/div>\n<form action=\"\/index.php?rest_route=%2Fwp%2Fv2%2Fpages%2F226#wpcf7-f230-o1\" method=\"post\" class=\"wpcf7-form init\" aria-label=\"Formular de contact\" novalidate=\"novalidate\" data-status=\"init\">\n<div style=\"display: none;\">\n<input type=\"hidden\" name=\"_wpcf7\" value=\"230\" \/>\n<input type=\"hidden\" name=\"_wpcf7_version\" value=\"6.0\" \/>\n<input type=\"hidden\" name=\"_wpcf7_locale\" value=\"ro_RO\" \/>\n<input type=\"hidden\" name=\"_wpcf7_unit_tag\" value=\"wpcf7-f230-o1\" \/>\n<input type=\"hidden\" name=\"_wpcf7_container_post\" value=\"0\" \/>\n<input type=\"hidden\" name=\"_wpcf7_posted_data_hash\" value=\"\" \/>\n<\/div>\n<p>Numele, Prenumele (obligatoriu)\n<\/p>\n<p><span class=\"wpcf7-form-control-wrap\" data-name=\"your-name\"><input size=\"40\" maxlength=\"400\" class=\"wpcf7-form-control wpcf7-text wpcf7-validates-as-required\" aria-required=\"true\" aria-invalid=\"false\" value=\"\" type=\"text\" name=\"your-name\" \/><\/span>\n<\/p>\n<p>Adresa de email (obligatoriu)\n<\/p>\n<p><span class=\"wpcf7-form-control-wrap\" data-name=\"your-email\"><input size=\"40\" maxlength=\"400\" class=\"wpcf7-form-control wpcf7-email wpcf7-validates-as-required wpcf7-text wpcf7-validates-as-email\" aria-required=\"true\" aria-invalid=\"false\" value=\"\" type=\"email\" name=\"your-email\" \/><\/span>\n<\/p>\n<p>Telefon\n<\/p>\n<p><span class=\"wpcf7-form-control-wrap\" data-name=\"your-phone\"><input size=\"40\" maxlength=\"400\" class=\"wpcf7-form-control wpcf7-text\" aria-invalid=\"false\" value=\"\" type=\"text\" name=\"your-phone\" \/><\/span>\n<\/p>\n<p>Adresa\n<\/p>\n<p><span class=\"wpcf7-form-control-wrap\" data-name=\"your-address\"><input size=\"40\" maxlength=\"400\" class=\"wpcf7-form-control wpcf7-text\" aria-invalid=\"false\" value=\"\" type=\"text\" name=\"your-address\" \/><\/span>\n<\/p>\n<p>Subiectul\n<\/p>\n<p><span class=\"wpcf7-form-control-wrap\" data-name=\"your-subject\"><input size=\"40\" maxlength=\"400\" class=\"wpcf7-form-control wpcf7-text\" aria-invalid=\"false\" value=\"\" type=\"text\" name=\"your-subject\" \/><\/span>\n<\/p>\n<p>Mesaj\n<\/p>\n<p><span class=\"wpcf7-form-control-wrap\" data-name=\"your-message\"><textarea cols=\"40\" rows=\"10\" maxlength=\"2000\" class=\"wpcf7-form-control wpcf7-textarea\" aria-invalid=\"false\" name=\"your-message\"><\/textarea><\/span>\n<\/p>\n<p><input class=\"wpcf7-form-control wpcf7-submit has-spinner\" type=\"submit\" value=\"Trimite\" \/>\n<\/p><div class=\"wpcf7-response-output\" aria-hidden=\"true\"><\/div>\n<\/form>\n<\/div>\n<\/p>\n<p><\/p>","protected":false},"excerpt":{"rendered":"<p>V\u0103 rug\u0103m s\u0103 lua\u0163i cuno\u015ftin\u0163\u0103 de informa\u0163ia privind procedura de primire \u015fi examinare a mesajelor electronice adresate Comisiei Na\u021bionale de Integritate. Mesajele cet\u0103\u0163enilor, expediate \u00een format electronic se examineaz\u0103 \u00een [&hellip;]<\/p>\n","protected":false},"author":1,"featured_media":0,"parent":0,"menu_order":0,"comment_status":"open","ping_status":"open","template":"","meta":{"footnotes":"","_links_to":"","_links_to_target":""},"class_list":["post-226","page","type-page","status-publish","hentry"],"_links":{"self":[{"href":"https:\/\/old.cni.md\/index.php?rest_route=\/wp\/v2\/pages\/226","targetHints":{"allow":["GET"]}}],"collection":[{"href":"https:\/\/old.cni.md\/index.php?rest_route=\/wp\/v2\/pages"}],"about":[{"href":"https:\/\/old.cni.md\/index.php?rest_route=\/wp\/v2\/types\/page"}],"author":[{"embeddable":true,"href":"https:\/\/old.cni.md\/index.php?rest_route=\/wp\/v2\/users\/1"}],"replies":[{"embeddable":true,"href":"https:\/\/old.cni.md\/index.php?rest_route=%2Fwp%2Fv2%2Fcomments&post=226"}],"version-history":[{"count":3,"href":"https:\/\/old.cni.md\/index.php?rest_route=\/wp\/v2\/pages\/226\/revisions"}],"predecessor-version":[{"id":232,"href":"https:\/\/old.cni.md\/index.php?rest_route=\/wp\/v2\/pages\/226\/revisions\/232"}],"wp:attachment":[{"href":"https:\/\/old.cni.md\/index.php?rest_route=%2Fwp%2Fv2%2Fmedia&parent=226"}],"curies":[{"name":"wp","href":"https:\/\/api.w.org\/{rel}","templated":true}]}}