  {"id":585,"date":"2014-06-02T11:30:46","date_gmt":"2014-06-02T11:30:46","guid":{"rendered":"http:\/\/old.cni.md\/?page_id=585"},"modified":"2014-06-02T11:30:46","modified_gmt":"2014-06-02T11:30:46","slug":"hotarari-definitive-si-irevocabile","status":"publish","type":"page","link":"https:\/\/old.cni.md\/?page_id=585","title":{"rendered":"Hot\u0103r\u00e2ri definitive \u0219i irevocabile"},"content":{"rendered":"<p><\/p>\n<h2>Hot\u0103r\u00e2ri definitive \u0219i irevocabile<\/h2>\n<p><strong>Aceast\u0103 sec\u021biune face obiect al public\u0103rii <\/strong><strong>hot\u0103r\u00e2rile judec\u0103tore\u015fti r\u0103mase definitive \u015fi irevocabile <\/strong><strong>pe marginea Actelor de constatare ale Comisiei Na\u021bionale de Integritate.<\/strong><\/p>\n<p>\u00cen conformitate cu prevederile art. 254 al Codului de procedur\u0103 civil\u0103 al Republicii Moldova \u201e <em>R\u0103m\u00een definitive hot\u0103r\u00eerile judec\u0103tore\u015fti emise \u00een prim\u0103 instan\u0163\u0103, supuse apelului, dup\u0103 examinarea pricinii \u00een apel. R\u0103m\u00een irevocabile hot\u0103r\u00eerile judec\u0103tore\u015fti: a) emise \u00een prim\u0103 instan\u0163\u0103, dup\u0103 expirarea termenului de apel, dac\u0103 participan\u0163ii interesa\u0163i nu au exercitat calea de atac corespunz\u0103toare; b) emise de instan\u0163a de apel, dup\u0103 expirarea termenului de recurs, dac\u0103 participan\u0163ii interesa\u0163i nu au exercitat calea de atac corespunz\u0103toare; c) emise de instan\u0163a de recurs, dup\u0103 examinarea recursului<\/em>.\u201d<\/p>\n<p><strong>\u00a0<\/strong><\/p>\n<table border=\"1\">\n<tbody>\n<tr>\n<td width=\"335\">nume<\/td>\n<td width=\"335\">Descarc\u0103 documentul<\/td>\n<\/tr>\n<tr>\n<td width=\"335\"><\/td>\n<td width=\"335\"><\/td>\n<\/tr>\n<tr>\n<td width=\"335\"><\/td>\n<td width=\"335\"><\/td>\n<\/tr>\n<\/tbody>\n<\/table>\n<p><\/p>","protected":false},"excerpt":{"rendered":"<p>Hot\u0103r\u00e2ri definitive \u0219i irevocabile Aceast\u0103 sec\u021biune face obiect al public\u0103rii hot\u0103r\u00e2rile judec\u0103tore\u015fti r\u0103mase definitive \u015fi irevocabile pe marginea Actelor de constatare ale Comisiei Na\u021bionale de Integritate. \u00cen conformitate cu prevederile [&hellip;]<\/p>\n","protected":false},"author":1,"featured_media":0,"parent":233,"menu_order":0,"comment_status":"open","ping_status":"open","template":"","meta":{"footnotes":"","_links_to":"","_links_to_target":""},"class_list":["post-585","page","type-page","status-publish","hentry"],"_links":{"self":[{"href":"https:\/\/old.cni.md\/index.php?rest_route=\/wp\/v2\/pages\/585","targetHints":{"allow":["GET"]}}],"collection":[{"href":"https:\/\/old.cni.md\/index.php?rest_route=\/wp\/v2\/pages"}],"about":[{"href":"https:\/\/old.cni.md\/index.php?rest_route=\/wp\/v2\/types\/page"}],"author":[{"embeddable":true,"href":"https:\/\/old.cni.md\/index.php?rest_route=\/wp\/v2\/users\/1"}],"replies":[{"embeddable":true,"href":"https:\/\/old.cni.md\/index.php?rest_route=%2Fwp%2Fv2%2Fcomments&post=585"}],"version-history":[{"count":1,"href":"https:\/\/old.cni.md\/index.php?rest_route=\/wp\/v2\/pages\/585\/revisions"}],"predecessor-version":[{"id":586,"href":"https:\/\/old.cni.md\/index.php?rest_route=\/wp\/v2\/pages\/585\/revisions\/586"}],"up":[{"embeddable":true,"href":"https:\/\/old.cni.md\/index.php?rest_route=\/wp\/v2\/pages\/233"}],"wp:attachment":[{"href":"https:\/\/old.cni.md\/index.php?rest_route=%2Fwp%2Fv2%2Fmedia&parent=585"}],"curies":[{"name":"wp","href":"https:\/\/api.w.org\/{rel}","templated":true}]}}